 + (20 - 23).
-4
What is the value of -3 + 0 + 2 + 2?
1
What is 10 - (-6 + 4 + 8 - 0)?
4
What is -2 + -5 - (-3 - 14)?
10
Evaluate -1 + -1 - 3 - (0 + -1).
-4
What is the value of 1 + (-5 - -2) + 5 + 0?
3
What is 2 + (8 - (-3 + (20 - -4)))?
-11
Calculate -8 - (-6 + 5 + -5).
-2
(5 - (0 + -1)) + -4
2
Calculate (-1 - (1 + 1)) + (26 - 24).
-1
(-9 - (-2 + -1)) + (16 - 17)
-7
What is the value of -28 + 18 - (-6 + -1)?
-3
Evaluate -8 + -1 + 15 + -12 + -2.
-8
What is the value of 1 - 6 - (-25 + 19)?
1
Evaluate 14 + (3 - 3) - 7.
7
What is 1 + -1 - (7 - (13 - 2))?
4
Calculate -5 + 2 + (4 - 1) + -5.
-5
(5 + 4 - 7) + 4
6
What is the value of 4 - (4 + (5 - 10) + 4)?
1
Calculate (-5 - -17 - 5) + -3.
4
Calculate (1 - -3) + 3 - 3.
4
Calculate (-6 - -14) + (1 - 7).
2
Evaluate -1 + 4 - (-4 - (4 + -16)).
-5
What is the value of (3 - 10) + 5 + 13 - 3?
8
(-3 - 1) + -2 + 8 - 1
1
Evaluate 1 + -5 - (-4 - (4 + -2)).
2
What is 2 - (8 + -7 + 8)?
-7
Evaluate -6 + (-6 - (7 - 6)) + 5.
-8
What is -8 - (3 + 0 - (5 + 0))?
-6
Evaluate 3 - (12 + -6 + -6).
3
Calculate 11 + (-10 - -14) + -4.
11
Calculate (-8 - -12 - 8) + -1 + 8.
3
Evaluate 4 + -3 + 3 + 1 + -11.
-6
-3 - (-4 - (-6 + 3))
-2
-19 + -10 + 23 + 6
0
What is 8 - ((8 - 5) + 11)?
-6
Calculate -6 - -8 - 7 - 0.
-5
What is the value of -10 + -9 + 12 + 3?
-4
What is the value of (1 - -1 - -1 - 8) + 9?
4
Evaluate 25 - 22 - (-1 + 6).
-2
What is the value of 9 - (6 - (7 - 5 - -4))?
9
What is (-1 - (-8 + (-1 - -4))) + -10?
-6
-1 + -2 + 0 - (-4 - 4)
5
-7 - -3 - -5 - (5 - 1)
-3
What is 0 - ((1 - (2 + -3)) + 0)?
-2
What is -4 + 1 + 45 + -40?
2
Evaluate 0 - 0 - -4 - -1.
5
What is the value of -1 + 0 + (2 - 1) - -2?
2
Calculate 1 + 1 + -2 - -1.
1
Calculate -2 - (5 + (-8 - 5 - -5)).
1
0 - ((5 - 0) + (17 - 19))
-3
Calculate -8 + 0 + -4 + 7.
-5
What is 5 + (4 - 1 - 21) + 6?
-7
Calculate 1 + 4 + (9 + -6 - 13).
-5
Evaluate -5 - -7 - -6 - 13.
-5
What is the value of 2 + -2 - ((-1 - -3) + -1)?
-1
-5 + (1 + -3 - -3)
-4
(-7 + 1 - -4) + 6
4
What is the value of (-2 - -2 - 0) + 4 - 3?
1
Calculate -4 + 2 + 3 + -2.
-1
What is the value of (-3 + 3 - -3) + 0?
3
What is the value of -4 + 3 + (-3 + 4 - 6)?
-6
What is -2 + (8 - -2) + -2 + -1?
5
Evaluate (6 - 0) + -2 + 1.
5
What is (6 - 3 - 2) + -1 + -3?
-3
What is the value of -1 + -4 - ((-5 - 3) + 6)?
-3
What is the value of -2 + (6 - (1 - 2)) + -2?
3
What is 4 + (2 + -8 - -12 - 3)?
7
What is (-22 - (26 + -55)) + (-18 - -1)?
-10
What is the value of 1 + 2 + (6 - (12 + -4))?
1
-3 + (18 - 16 - (-1 + 0))
0
Evaluate -3 + (2 - 5) + (4 - 2).
-4
Evaluate 7 + 4 - (28 - 10).
-7
Calculate -4 + (1 - (-3 + 6) - -2).
-4
-1 + (-4 - -11) + -1
5
Evaluate 2 - (-3 - (4 - 9)).
0
Evaluate (2 - -3) + -25 + 22 - 2.
0
Evaluate 0 + (2 - (2 + -8)) + -3.
5
What is the value of -20 - -16 - (-2 - 0)?
-2
Evaluate (-2 - 3 - -12 - 4) + 1.
4
What is 2 + 0 + 1 + 1?
4
(-3 - (3 - (10 - 2))) + 0
2
What is the value of (-2 - -5) + (38 - 39)?
2
What is -6 + (-2 - (-12 + 5))?
-1
Evaluate -7 + 19 + (-8 - -3 - 1).
6
5 - ((2 - -1) + (-1 - -2))
1
What is 5 + 0 - (-13 - -21)?
-3
What is -2 - (-11 + 6 + 6)?
-3
Calculate (-3 - -2) + 2 + 3.
4
Calculate -1 + (-2 - (-2 - -2)) + 1.
-2
Evaluate -5 + 0 - -2 - -8.
5
Calculate -5 - (3 + -1 - (5 + -3)).
-5
What is -2 - (-3 + -4) - 1?
4
What is the value of (6 - 7) + (1 - 0)?
0
Evaluate 1 + 2 + 7 + -12 - -3.
1
What is the value of 3 + 0 + -3 + 1?
1
What is the value of -18 - -8 - 6 - -10?
-6
What is -2 + 1 + (-2 + -7 - -9)?
-1
Evaluate -12 - -1 - (-19 - -7).
1
Evaluate 2 + -11 + 8 + -2.
-3
What is -2 + 0 - (-7 - (-5 + -5))?
-5
Evaluate -4 + (-25 + 13 - -13).
-3
(3 - 11) + (12 - 5)
-1
Calculate 6 + -2 + 2 + (3 - 7).
2
What is 4 + 11 + -26 + 19?
8
What is the value of 6 + (9 - 4 - 5) + 1?
7
Evaluate 0 + (2 - 3) - (-15 - -9).
5
-3 + 1 + 3 + 3
4
Calculate (-7 - (-2 + 4)) + (-19 - -25).
-3
Calculate 0 + -1 + (2 - 2 - -5).
4
Calculate (5 - (0 + 1)) + (-32 - -27).
-1
Evaluate -9 - ((5 - 0) + -19).
5
What is the value of (0 - 5) + 4 - (5 + 3)?
-9
Evaluate 18 - (-5 + -9 + 25).
7
-11 + 3 + 4 + 3 + -3
-4
Calculate 3 - (-2 - (-3 - (-4 - -8))).
-2
What is the value of 4 - 12 - (1 - (6 + -2))?
-5
What is the value of -4 + -2 + 3 + (0 - -5)?
2
(2 - 4) + 3 - 1
0
What is 2 - (-1 + 7 + 0)?
-4
(-6 - -3) + 0 + 5
2
Calculate -26 + 20 - (-4 + 5 - 3).
-4
Evaluate 1 + -3 + -1 - -6.
3
What is (-1 - 0) + -5 - (1 - 5)?
-2
Evaluate -15 - 7 - -4 - -10.
-8
Calculate 3 - (-13 - (7 - 14)).
9
Evaluate 1 - 1 - (0 - (7 - 2)).
5
Calculate (3 - 2) + (-4 - (-3 - 1)).
1
(9 - 3) + (-9 - 0)
-3
Calculate -2 - (-5 - -6) - -6.
3
Calculate -1 + 1 + -1 + 2.
1
Calculate 4 + 1 + -3 + 7 + -9.
0
-6 + 16 + -6 + -1
3
Evaluate -8 + 3 - (7 + -12).
0
What is the value of (26 - 18) + (-2 - 10)?
-4
3 + -12 + 5 + -2 - -12
6
What is the value of 10 + 7 + -5 + -8?
4
What is 5 - (2 - (2 - 1))?
4
Evaluate 4 + (-4 - -5) - 1.
4
Evaluate 6 - (1 + 1 + -1).
5
Calculate 1 - (4 + 7 + (2 - 6)).
-6
Calculate -11 + -5 - -17 - (-1 + 1).
1
What is the value of -2 + -1 + 7 - 2 - 7?
-5
What is -1 + (-3 - 3) - (0 - 3)?
-4
What is 0 + -1 + 1 + 3 + 1?
4
Evaluate -12 - -6 - -3 - (-5 + 5).
-3
Evaluate 2 + -7 - (1 - 1).
-5
2 + 1 - ((4 - -8) + -11)
2
What is the value of 8 + (2 - 8 - (4 - 5))?
3
What is the value of (1 - 2) + (-15 - -18)?
2
2 + -4 - 2 - -6
2
Calculate -93 + 102 + (-1 - -1).
9
What is the value of (-7 - 3) + (38 - 34)?
-6
(-3 + (0 - -3) - -5) + -1
4
Calculate (0 - -4) + -9 - -6.
1
What is the value of 2 + 0 + (0 - (-7 + 10))?
-1
What is the value of -2 + 2 + -2 + 6 - 3?
1
What is the value of -5 + (-3 - -6) - 2?
-4
What is -9 - (-4 - (11 + -5))?
1
What is the value of 11 - (6 + -9 + 21)?
-7
Calculate -8 + 3 + 7 + 6.
8
Calculate -3 + 3 + (-4 - -5).
1
What is the value of (4 - (-3 - -7 - -1)) + 0?
-1
Evaluate -8 + 7 + 0 + -3 + 1.
-3
6 + -3 + 1 + (-7 - -7)
4
What is the value of 4 - 2 - (16 + -12)?
-2
11 - 6 - (9 - (7 + -3))
0
What is -4 - -2 - -6 - 2?
2
What is the value of -5 + 7 + -2 + 8?
8
Calculate (-9 - 1) + 1 + (-3 - -8).
-4
Evaluate 4 - (3 - (3 - 3)).
1
Calculate -4 - (3 - -3 - 9).
-1
Calculate (-5 + -3 - -8) + 2 + -1.
1
What is the value of -1 - 5 - (-33 - -8 - -11)?
8
Calculate 4 + -1 + -2 + 0.
1
-6 + -11 + 4 - -15
2
Calculate (0 - 1) + 82 + -74.
7
Calculate (3 - 0 - (0 - -1)) + -3.
-1
1 + -5 - -2 - (-8 - -3)
3
What is (-2 - 0) + 4 + 3 + 0?
5
Evaluate 9 + -2 + -12 + 2.
-3
Calculate 0 + (8 - (4 - 0)).
4
(3 - 3 - (-3 + 3)) + -3
-3
-1 - (-5 + 2 + 2)
0
Calculate -2 - (0 - -1) - -3.
0
Calculate -1 + 7 + -1 + 5 + -5.
5
What is the value of 0 - 7 - (-1 - 4)?
-2
Evaluate -9 + (-3 - -9) + -2.
-5
What is the value of 6 + (1 - 16 - -4)?
-5
What is the value of 11 - (-3 - -1 - (6 - 14))?
5
-11 + (4 + 9 - 5)
-3
1 + 3 + -10 + (-2 - -11)
3
0 + -2 + -5 - (-7 + 4)
-4
What is the value of 2 + -3 - (-2 - 2)?
3
What is the value of (3 - (0 - 2)) + -6?
-1
Evaluate -3 + 0 + -3 - (-5 - -2).
-3
What is the value of (3 - 8) + 1 + (7 - 0)?
3
Evaluate -1 + 7 + (-4 - 4).
-2
Evaluate -7 - -2 - (-12 + 9).
-2
1 + (-6 - (3 - 8))
0
What is the value of (6 - (13 - 1)) + 2 + 2?
-2
14 - (12 - (-13 + 9))
-2
What is the value of -7 + 5 + -5 + 11 + -13?
-9
Evaluate 21 + (13 - 13) + -13.
8
What is the value of (1 - -1) + -11 - (-7 + 1)?
-3
Evaluate 1 - (-3 - (4 - (5 - 1))).
4
What is the value of -1 + (5 - (-1 + 7) - -2)?
0
What is 6 + (-4 - (-4 + 6)) - -3?
3
Calculate -2 + -2 + (-10 - -8) - -4.
-2
What is the value of -13 - (2 + -8 + 0 - -3)?
-10
What is 0 + -1 + -3 - (-64 + 58)?
2
Calculate -3 + -1 - (26 - 19).
-11
-2 - (-3 + (4 - 0)) - 2
-5
What is (5 + 0 - 5) + 9 + -4?
5
What is -2 + (-2 - (-10 + 3))?
3
Calculate 6 + (-1 + -3 + 1 - -2).
5
-1 + 2 + 0 - (5 - 2)
-2
What is the value of -6 + 3 - (8 - 10)?
-1
Evaluate 3 + 3 + -1 + (1 - 6).
0
Evaluate -3 - (1 - 4 - 1).
1
Evaluate (2 - 1) + 12 + -15 - 8.
-10
(-7 - ((-2 - 0) + -6)) + 8
9
Calculate -3 - 8 - -2 - -7.
-2
What is -2 + (-4 - -6) - -4?
4
Calculate -11 + (14 - (-1 + 7)).
-3
Calculate 7 + 9 + -14 + 2.
4
Evaluate 3 - (-3 + (-3 - -14) + 0).
-5
Calculate -2 + (-9 - -5) + 12 - 8.
-2
(0 - -2) + -2 + 2 + -7
-5
What is the value of (-2 - -5) + -12 - -2?
-7
What is the value of 59 - 65 - (-8 - (0 + -1))?
1
-2 + -5 + 2 - -1
-4
What is the value of (0 + 0 - -3) + -2 + 2?
3
Calculate 2 - (-1 + -1 - -1).
3
Evaluate 2 - (-3 + 3 - -4).
-2
What is (2 - (-1 - -3))